9).
-638
Let o(h) = 36*h + 14079. Give o(-392).
-33
Let n(m) = 2*m**3 - 246*m - 18. Calculate n(-10).
442
Let h(v) = 84*v**2 + 2621*v + 2619. What is h(-1)?
82
Let c(v) = 29*v**2 + 627*v + 1895. Determine c(-3).
275
Let h(o) = 2*o**3 + 586*o**2 + 2867*o - 3728. Calculate h(-288).
16
Let c(z) = 389*z + 6629. Calculate c(-17).
16
Let r(v) = v**3 + 7*v**2 - 62*v - 405. Determine r(-9).
-9
Let r(b) = -170*b - 351. Calculate r(-9).
1179
Let q(b) = 6*b**3 + 721*b**2 + 4723*b - 202. Give q(-7).
8
Let s(d) = d**2 - 766173*d - 3064710. Give s(-4).
-2
Let a(j) = -j**3 + 605*j**2 - 2189*j + 230588. What is a(602)?
22
Let g(c) = 343*c - 2. What is g(2)?
684
Let w(y) = -642*y + 11340. Calculate w(14).
2352
Let z(p) = p**3 + 169*p**2 - 31*p - 5245. Give z(-169).
-6
Let r(l) = -293*l - 16921. Give r(-58).
73
Let q(s) = -492*s - 388670. What is q(-790)?
10
Let g(a) = 359266*a - 34848814. Determine g(97).
-12
Let i(c) = c**3 + 393*c**2 - 1186*c + 914. Determine i(-396).
122
Let k(z) = 1458*z - 11543. Determine k(8).
121
Let x(h) = -2*h**2 + 757239*h + 3028977. Determine x(-4).
-11
Let w(c) = c**3 + 331*c**2 - 13211*c - 65. Give w(36).
-29
Let t(u) = -2938*u + 11916. Calculate t(4).
164
Let o(c) = 175*c**2 + 10671*c - 184. Give o(-61).
60
Let z(l) = -6245*l - 43707. Determine z(-7).
8
Let h(t) = -t**3 - 3*t**2 - 864*t + 12528. Calculate h(12).
0
Let w(u) = -u**2 - 8857*u + 293392. Calculate w(33).
22
Let y(x) = 6*x**2 + 2009*x - 158741. Calculate y(66).
-11
Let q(f) = -771904*f - 4631423. What is q(-6)?
1
Let c(z) = -2940*z + 202580. Give c(69).
-280
Let p(x) = 156824*x - 156826. Give p(1).
-2
Let z(d) = -d**3 + 201*d**2 + 16*d - 3091. What is z(201)?
125
Let t(u) = 2*u**3 + 46*u**2 + 85*u + 1374. Calculate t(-24).
-1818
Let x(v) = 4*v**2 + 3300*v - 26677. What is x(8)?
-21
Let f(l) = -16*l**3 + 756*l**2 + 6794*l + 1424. Give f(55).
-6
Let p(u) = 92210*u + 28308464. Give p(-307).
-6
Let z(w) = -w**3 + 654*w**2 + 739*w - 55026. Give z(655).
-6
Let c(m) = -34258*m - 616653. What is c(-18)?
-9
Let j(n) = 29*n**2 + 220*n + 106. Determine j(-6).
-170
Let h(t) = 70*t + 3316. Calculate h(-52).
-324
Let m(y) = -3*y**3 - 109*y**2 - 606*y + 64. Calculate m(-7).
-6
Let u(s) = -13*s + 568. Determine u(-3).
607
Let v(t) = 204175*t - 1020903. Give v(5).
-28
Let a(r) = 2684*r + 228074. Determine a(-85).
-66
Let d(o) = 506470*o + 7597039. Determine d(-15).
-11
Let m(l) = -258732*l + 517458. Calculate m(2).
-6
Let c(u) = 2*u**3 - 5*u**2 + 2437*u - 7325. Give c(3).
-5
Let i(u) = -u**3 + 192*u**2 + 1910*u - 61984. Determine i(200).
16
Let u(o) = -o**3 - 10*o**2 + 29*o + 152. What is u(-17)?
1682
Let f(v) = 7825*v + 70514. Determine f(-9).
89
Let w(h) = 1396*h - 170521. Give w(122).
-209
Let q(y) = y**2 - 8797*y + 236795. Determine q(27).
5
Let d(l) = -2*l**3 - 35*l**2 - 83*l + 647. Determine d(-11).
-13
Let c(k) = 712*k**2 + 2269*k + 432. Determine c(-3).
33
Let f(d) = -2*d**3 - 12*d**2 + 6940*d + 48481. What is f(-7)?
-1
Let y(g) = g**3 - 1201*g**2 + 11915*g + 7. Calculate y(10).
57
Let i(t) = -7*t**2 - 234*t + 2227. What is i(-41)?
54
Let s(x) = -194*x**3 - 2*x**2 - 232*x - 469. Give s(-2).
1539
Let p(i) = i**3 - 21*i**2 - 621*i + 12504. What is p(19)?
-17
Let p(f) = 4707*f - 174122. What is p(37)?
37
Let q(i) = -8*i**3 - 970*i**2 - 249*i - 232. Give q(-121).
615
Let c(b) = -b**3 - 250*b**2 + 4269*b + 2531. What is c(-266)?
-927
Let u(g) = 4822*g - 954754. Calculate u(198).
2
Let g(w) = -3*w**2 - 111*w - 829. Calculate g(-11).
29
Let g(p) = -2*p**3 - 59*p**2 - 1003*p - 27873. What is g(-29)?
373
Let l(k) = k**2 - 1609*k + 219300. Determine l(151).
-858
Let l(n) = -19991*n + 119968. Determine l(6).
22
Let w(b) = -4*b**2 + 239*b + 712. Give w(-3).
-41
Let m(v) = -7727*v - 3284011. Calculate m(-425).
-36
Let n(t) = -3*t**3 + 44*t**2 + 10*t - 300. Give n(13).
675
Let b(i) = 4*i**3 + 2*i**2 - 177*i - 180. Calculate b(-1).
-5
Let j(k) = 122*k**2 - 902*k - 831. What is j(9)?
933
Let q(j) = 98118*j - 588703. What is q(6)?
5
Let l(q) = 2*q**3 - 38*q**2 + 224*q - 4272. What is l(19)?
-16
Let z(u) = u**3 - 283*u**2 + 5679*u + 16055. Give z(261).
-388
Let f(u) = 710*u + 100187. Give f(-141).
77
Let i(x) = -x**3 + x**2 + 91*x + 336. What is i(-10)?
526
Let p(o) = -o**2 - 1141*o + 33926. What is p(29)?
-4
Let c(z) = -625*z - 186211. Give c(-293).
-3086
Let h(r) = 4971*r + 1190. Determine h(0).
1190
Let q(a) = 6*a**2 + 23*a + 380. What is q(-11)?
853
Let b(y) = 9088*y - 118009. Give b(13).
135
Let k(t) = 1529*t - 51972. Give k(34).
14
Let z(h) = -77*h**2 - 5160*h + 137. What is z(-67)?
204
Let z(f) = -7987*f + 662885. Determine z(83).
-36
Let u(j) = 6*j**3 - 93*j**2 - 188*j + 1. Calculate u(-2).
-43
Let d(j) = -2474*j + 11779. What is d(5)?
-591
Let l(p) = 195*p + 155. Determine l(-6).
-1015
Let f(w) = -9799*w - 235865. Calculate f(-24).
-689
Let m(u) = 719*u - 11958. Calculate m(18).
984
Let a(p) = -137*p - 2559. What is a(-19)?
44
Let k(j) = -42247*j - 760592. Give k(-18).
-146
Let g(v) = -77*v**3 - 376*v**2 - 34*v - 261. What is g(-5)?
134
Let k(v) = 845*v**3 - 3388*v**2 - 54*v + 256. Calculate k(4).
-88
Let y(d) = -7*d**3 + 4236*d**2 - 611*d + 3723. Determine y(605).
93
Let l(f) = -74*f**3 + 30*f**2 + 205*f + 282. Determine l(-4).
4678
Let p(u) = 6*u**3 + 61*u**2 - 132*u - 1519. What is p(-10)?
-99
Let g(q) = 11*q**2 + 316*q + 2284. What is g(-17)?
91
Let b(s) = -27*s**2 - 287*s - 240. Give b(-6).
510
Let y(g) = -3*g**2 - 887*g - 51761. Determine y(-80).
-1
Let b(p) = -2226*p + 685539. Calculate b(308).
-69
Let w(b) = -4766*b - 600513. What is w(-126)?
3
Let l(f) = f**3 + 2*f**2 + 186*f - 4451. Calculate l(0).
-4451
Let l(h) = -2*h**3 + 60*h**2 - 71*h + 105. What is l(30)?
-2025
Let r(p) = 3*p**2 + 2217*p - 24740. What is r(-750)?
10
Let r(c) = -8*c**2 - 3770*c + 6630. Calculate r(-473).
8
Let y(h) = 2*h**3 - 68*h**2 + 358*h - 9680. Calculate y(33).
-44
Let a(x) = -1440*x - 76097. Give a(-53).
223
Let i(a) = 15*a**3 + 17*a**2 - 38*a + 20. Determine i(5).
2130
Let l(x) = -6*x**3 - 446*x**2 + 302*x + 168. Calculate l(-75).
18
Let h(r) = -2*r**3 - 100*r**2 - 1117*r + 150. Calculate h(-33).
-15
Let o(q) = -q**2 + 100*q + 181530. Give o(479).
-11
Let a(o) = o**3 + 48*o**2 + 6*o + 396. Determine a(-48).
108
Let c(y) = 25*y**2 + 756*y + 5329. What is c(-7)?
1262
Let f(x) = 347*x + 21030. What is f(-60)?
210
Let f(l) = l**3 - 8403*l**2 + 376115*l - 211. Determine f(45).
14
Let y(w) = 21874*w - 21869. Determine y(1).
5
Let d(x) = x**3 - 8*x**2 - 103*x + 21. Give d(14).
-245
Let a(f) = 2227*f + 654741. Determine a(-294).
3
Let t(a) = -194*a + 49078. What is t(253)?
-4
Let i(m) = -162*m**2 + 1184*m - 82. What is i(8)?
-978
Let a(y) = 73182*y - 219499. Determine a(3).
47
Let p(w) = 12*w**2 - 986*w - 18777. Give p(-19).
4289
Let b(m) = -2*m**2 - 15252*m - 45744. Give b(-3).
-6
Let s(w) = -w**3 + 6*w**2 + 179*w + 657. What is s(-7)?
41
Let j(x) = 4*x**3 + 19*x**2 - 37*x + 5. What is j(-12)?
-3727
Let m(q) = q**3 + 12*q**2 - 273*q - 3029. What is m(-11)?
95
Let w(l) = -l**3 - 40*l**2 + 128*l + 5313. Determine w(-40).
193
Let h(s) = 15344*s - 1196791. Determine h(78).
41
Let s(a) = 8*a**3 - 40*a**2 + 40*a + 54. Give s(6).
582
Let r(m) = -m**2 + 19853*m - 456093. Give r(23).
-3
Let r(j) = j**3 + 28*j**2 + 162*j - 325. Give r(-12).
35
Let l(y) = 24018*y - 48046. Calculate l(2).
-10
Let i(n) = 5*n**3 - 106*n**2 + 150*n + 120. What is i(19)?
-1001
Let t(m) = 40*m**3 - 3823*m**2 - 5531*m + 209. What is t(97)?
15
Let b(d) = d**3 - 47*d**2 - 691*d - 1167. Give b(59).
-164
Let d(m) = -6*m**3 - 479*m**2 - 862*m + 464. Give d(-78).
776
Let i(b) = b**2 - 133*b - 189451. Give i(507).
167
Let x(o) = 3*o - 1374. Give x(119).
-1017
Let v(t) = 586*t**3 - 2*t**2 + 5*t + 6. What is v(-1)?
-587
Let a(m) = 3*m**2 - 569*m + 11886. Determine a(24).
-42
Let b(f) = 16602*f - 132826. Determine b(8).
-10
Let c(g) = 401*g - 7052. Determine c(12).
-2240
Let b(y) = 223*y**2 + 46830*y - 1. Determine b(-210).
-1
Let y(i) = -i**3 - 249*i**2 - 533*i + 50417. Calculate y(-246).
-13
Let t(o) = -308*o + 16933. Determine t(55).
-7
Let s(o) = -43*o**2 + 181*o + 13903. Calculate s(-16).
-1
Let i(r) = 190*r**2 + 2464*r. Calculate i(-13).
78
Let q(u) = -2*u**3 - 43*u**2 - 7*u - 14. What is q(0)?
-14
Let s(u) = -u**3 - 59*u**2 - 554*u + 831